se m = -2*j + 33, 5*m + 7 = j - 4. What is the highest common divisor of n and j?
16
Let p be 2/(-12) + 6475/42. What is the highest common divisor of p and 14?
14
Let t(m) = -m**3 + 9*m**2 - 7. Suppose -2*b - 16 = -4*b. Let n be t(b). Let i = 148 - n. Calculate the highest common factor of i and 13.
13
Let b = -1 + 1. Suppose -l + b*o = 4*o - 10, -47 = -3*l + 5*o. Suppose -7*g + 43 = -55. Calculate the greatest common divisor of l and g.
14
Let k = -47 + 138. Calculate the greatest common divisor of 13 and k.
13
Suppose o + 2*o = -15, 0 = 2*q - 3*o - 433. Calculate the highest common factor of q and 19.
19
Suppose 0 = -l - i + 28, 2*l - 14 - 48 = -5*i. Let v = 82 - l. Suppose -5*n + n = -v. Calculate the greatest common divisor of 98 and n.
14
Let r(c) = 6*c**2 - 2*c - 4. Let m be r(3). Suppose 0 = -3*i + 76 + m. Calculate the highest common factor of i and 5.
5
Suppose -5*j = -15, 0 = -i + 3*j + 36 + 27. Suppose -2*t + 40 = 2*t. Let y be 84/t - 2/5. What is the greatest common factor of y and i?
8
Let y = 5 + 4. Calculate the highest common factor of 18 and y.
9
Let j = 22 + -14. Suppose -4*w = -j*w + 144. Let z be ((-6)/4)/((-1)/8). What is the highest common divisor of z and w?
12
Let g = -30 - -63. Let h be -7*(1*-9)/1. Suppose -4*a + h = 2*v - g, 4*a = 3*v + 96. What is the greatest common factor of 3 and a?
3
Suppose 0 = 4*v - 0*v + 5*q - 4, 4*v = 5*q - 36. Let k be 5 - (v + (5 - 2)). What is the highest common factor of 54 and k?
6
Suppose 8*n - 4*n + i = 93, 0 = -i + 5. Suppose 2*k - 17 = 5. Calculate the highest common divisor of k and n.
11
Suppose -2*h = -8*h + 126. What is the highest common divisor of h and 231?
21
Let p(y) = -y**3 + 3*y**2 - 2*y + 2. Let n be p(3). Let b be 4*-11*2/n. Suppose -7 = 5*c - b. Calculate the highest common divisor of 15 and c.
3
Let z be (4 - (-35)/(-10))/((-2)/(-20)). Calculate the greatest common factor of 10 and z.
5
Let q(l) = -2*l - 5. Let x be q(-5). Suppose x*h - 14 = 26. What is the greatest common divisor of 16 and h?
8
Suppose -3*x + 5 = -1. Let u be (-2)/((-3)/x + 1). Let d be ((-18)/u)/(1/(-10)). What is the highest common divisor of d and 30?
15
Let d = 9 - -6. Let s be 74 - (4/(-7) + 3/(-7)). What is the greatest common divisor of d and s?
15
Suppose c + 3*k = 39, -4*c = 5*k - 34 - 143. Suppose -2*o = -5*o + c. What is the highest common factor of 64 and o?
16
Let r(q) = q**2 + 7*q + 4. Let n be r(-8). Calculate the greatest common factor of 24 and n.
12
Suppose 2*y + 20 = 3*y. Suppose 8 = 2*i - 0*s - 2*s, 4*s - 11 = -5*i. Suppose i*z + z = 16. Calculate the greatest common divisor of y and z.
4
Let l(w) = -5*w - 4. Let u(i) = -i - 1. Let f(h) = -l(h) + 3*u(h). Let q be f(1). Suppose j - 37 = -q. Calculate the greatest common factor of 17 and j.
17
Suppose -2*j + 8*v - 3*v = -26, 5*v = 5*j - 65. Suppose d = j + 36. Let p = -14 - -21. Calculate the highest common divisor of d and p.
7
Let k be ((-10)/(-14) + -1)*-7. Suppose -k*l = l - 357. Calculate the highest common factor of 17 and l.
17
Let g(d) = 4*d + 10. Let s be g(-10). Let x be s/(-50) + (-114)/(-10). What is the highest common divisor of x and 132?
12
Let z be (4/6)/(1/6). Suppose -z*g + 2*g + 8 = 0. Suppose -2*x + 174 + 102 = g*j, 290 = 4*j - 5*x. Calculate the greatest common factor of 10 and j.
10
Let y = -126 - -264. Calculate the greatest common factor of 46 and y.
46
Let q(u) = 65*u - 27. Let n(d) = -22*d + 9. Let z(t) = -17*n(t) - 6*q(t). Let s be z(-6). What is the greatest common divisor of s and 42?
21
Suppose -g + 1008 = g. Suppose -d = 3*d - g. What is the greatest common divisor of d and 14?
14
Let z = 30 - -5. Let b = -11 + z. Suppose 4*f = -k + 69, k + 20 = 5*k. What is the greatest common factor of b and f?
8
Let s = 3 + -2. Let o = s - -17. Calculate the highest common divisor of o and 144.
18
Suppose p + 10 = 3*p. Suppose 40 = l - p*f, 96 = l + 2*l - 3*f. Calculate the highest common divisor of l and 45.
15
Suppose -3*m - 4*p + 107 = 35, -5*m - 4*p + 112 = 0. Suppose 4*j = -m, 68 + 10 = 2*z + 4*j. What is the highest common divisor of z and 7?
7
Let j = -46 + 76. Suppose 0 = -4*m + 2 + j. Calculate the highest common factor of m and 8.
8
Let s(f) = f**3 - f**2 - 3*f + 2. Let j be s(3). What is the highest common divisor of 22 and j?
11
Suppose r = 5*y - 0*r - 27, 5*y - 2*r = 29. What is the highest common divisor of y and 45?
5
Let y(k) = -20*k**2 - 2*k - 1. Let o be y(2). Let n = o + 137. Calculate the highest common factor of n and 13.
13
Let t(s) = s**3 - 8*s**2 + 4*s - 10. Let i be t(8). Calculate the highest common factor of 2 and i.
2
Suppose 2*d + 0*d - j - 171 = 0, -2*j + 441 = 5*d. Let h = d - -48. What is the highest common divisor of 54 and h?
27
Suppose 0 = -i - 3*i + 3*u + 159, -5*i - 2*u = -170. Suppose 3*s + s = i. Calculate the highest common divisor of s and 9.
9
Let o = -45 - -219. Let q = -54 + o. Calculate the highest common divisor of q and 15.
15
Suppose 0*j + 438 = -2*j. Let p = -153 - -77. Let s = p - j. What is the highest common factor of s and 13?
13
Suppose 78 = 3*t + 12. What is the greatest common divisor of t and 55?
11
Let n(b) = -b + 1. Let f be n(-3). Suppose -f*z + 85 = -155. What is the highest common factor of z and 12?
12
Let j = 70 + -13. What is the greatest common factor of j and 38?
19
Let u(k) = k**2 - 4*k + 6. Let t be u(4). What is the greatest common factor of t and 18?
6
Let v be 1/((-92)/(-90) + -1). Let k = 1 + 4. What is the greatest common factor of v and k?
5
Suppose 2*s - 4*k - 376 = k, 5*s + 5*k = 975. Suppose -3*r + 0*r = 2*p + s, -r = 5*p + 73. Let l = r + 99. What is the highest common factor of l and 9?
9
Let o be (-7 + 2 - 0)/(-1). Suppose -3*l + 0*u = -o*u - 39, 0 = l - 5*u - 23. Calculate the greatest common divisor of l and 20.
4
Let i(y) = 174*y**2 + 3*y - 1. Let k be i(1). Calculate the greatest common divisor of 22 and k.
22
Suppose b - 4 = -1. Let h = 69 + -60. Calculate the highest common divisor of h and b.
3
Suppose -33 = 4*d - 113. Suppose -5*c = 2*p + d, 5*p - c + 3*c + 8 = 0. Suppose p = 3*i - 0 - 3. Calculate the highest common factor of 9 and i.
1
Let a(m) = -m + 2*m + 5 + m. Let r be a(5). What is the highest common divisor of r and 15?
15
Let g be (-2)/(-10) - (-144)/30. Suppose 3*c + 3*t - 12 = 0, -g*c + 0*c - 2*t = -17. Let x = 46 + -13. Calculate the greatest common divisor of c and x.
3
Let l(n) = n**3 - 4*n**2 + 3*n - 6. Let c be l(5). What is the highest common divisor of 17 and c?
17
Let y be 1 - -1 - (-1)/1. Suppose -y*d + 5 = -7. Calculate the greatest common divisor of 4 and d.
4
Let k = 219 + -115. What is the highest common divisor of 13 and k?
13
Let u = -1 + 0. Let r = 119 - 211. Let q be u - 0 - (r + 1). Calculate the highest common divisor of 9 and q.
9
Let w be (0 - -18)/(27/144). Let i = -52 - -116. What is the greatest common factor of w and i?
32
Let q(h) = 4 + 0 - 4 + h**2 + 7 + 6*h. Let y be q(-7). What is the greatest common divisor of 42 and y?
14
Let f(p) = p**3 - 5*p**2 - 5*p - 6. Let o be f(6). Suppose o*s + 33 = 3*s. Calculate the greatest common factor of 33 and s.
11
Suppose -66*y = -62*y - 76. Calculate the highest common divisor of 19 and y.
19
Let n = 113 - -515. Let h = n + -419. What is the greatest common divisor of 19 and h?
19
Let j(k) = -k**2 - 4*k. Let a be j(-3). Suppose 4*g = 2*x - 3*x + 182, a*g = 4*x + 127. Let u = -14 - -32. Calculate the highest common divisor of g and u.
9
Let j = 26 + -16. Let r(m) = -m**2 - m - 66. Let q be r(0). Let b = 136 + q. Calculate the highest common factor of b and j.
10
Let z(h) = -h**3 + 2*h**2 + 15*h - 6. Let b be z(4). Calculate the highest common divisor of b and 176.
22
Suppose q - 4 = -2. Suppose h + q*h = -15. Let t = -4 - h. Calculate the greatest common factor of 9 and t.
1
Let g = -103 + 151. Let u(o) = o**3 + 19*o**2 + 17*o - 18. Let m be u(-18). Let t(y) = 3*y + 12. Let i be t(m). What is the highest common factor of g and i?
12
Let w(p) = 4*p + 1. Let u be w(3). Let v = u - -23. What is the greatest common factor of 12 and v?
12
Let m be 470/(-40) - (-2)/(-8). Let v = m - -31. Calculate the greatest common divisor of v and 171.
19
Let i(m) = m - 8. Let s be i(19). What is the greatest common factor of 77 and s?
11
Let s be (-1186)/(-11) - ((-2